1. Suppose x*p - 25 = 4*p. Is d(p) a composite number?
False
Let v be 4721/4 - 2/8. Let q = 91 + -88. Suppose v = 5*g - u - 4*u, 1174 = 5*g - q*u. Is g prime?
True
Let y(w) = -2494*w**3 + 2*w**2 + 3*w + 2. Let b be (-1)/((-2)/(-1) + -1). Is y(b) composite?
True
Suppose -32*c + 2886 = -26*c. Is c prime?
False
Let t(l) = l**2 + 13*l + 13. Let d be t(-12). Let a be (-20)/5 + d*89. Let c = a + 102. Is c a prime number?
False
Suppose -3*r - 1 = -r + j, 5*j = 5*r - 20. Let d(k) be the second derivative of 39*k**3 + k**2/2 + 25*k. Is d(r) a composite number?
True
Suppose 6*a - 2*a + 2*o = 17594, 0 = 2*a - 2*o - 8788. Is a prime?
True
Suppose 4*v = 3*y + 3, -y - 2*v - 2 + 11 = 0. Suppose 4*q - 238 = q + 5*z, 370 = 5*q - y*z. Suppose d - q = 106. Is d composite?
True
Let m = -42 - -51. Is m/6 - 417/(-6) a composite number?
False
Is 276/230 + 84567/15 a composite number?
False
Suppose 0 = m + 49 - 1712. Suppose -m = -3*f + 2*t, 0 = 2*f - 2*t - 1556 + 446. Is f a prime number?
False
Suppose -3*r + 7811 = f, 9*f - 7*f = -3*r + 15607. Suppose 26*c - f = 22*c. Is c a prime number?
True
Let q(h) = 22*h**2 - 5*h - 16. Let f be (3 - 18)*(-4)/(-6). Is q(f) composite?
True
Let b = -1058 - -1937. Is 2/8*0 + (b - 1) a prime number?
False
Let u(a) = 173*a**2 + 2*a + 27. Is u(-6) prime?
False
Let a(r) = r + 99. Let h be a(19). Suppose 10*q = -3*f + 12*q + 103, -3*f + h = -5*q. Is f prime?
True
Let a be (-2 - (-6 + 3))*-1. Let z be a/6 - (-491)/(-6). Let d = 137 + z. Is d a prime number?
False
Let s be (-594)/21 - (-2)/7. Let b = s + 32. Suppose b*c = 2*c + 332. Is c composite?
True
Suppose 2*d = -g + 2, -g - 3 + 5 = -4*d. Suppose 0 = 5*w - 0*y - y - 1889, d = -w - 2*y + 369. Is w a prime number?
False
Suppose 4*a - 2 = -2*f - 0, 2*f = -a + 8. Suppose -f*n + 337 = -4*g, 0 = -3*n + 3*g + 2*g + 210. Is n composite?
True
Let v(t) = -18*t**3 - 14*t**2 - 28*t - 1. Is v(-7) a prime number?
True
Let w = -23124 + 51543. Is w prime?
False
Suppose 2*n - 6*j + 6893 = -j, 2*j = -10. Let w = -1624 - n. Is w composite?
True
Suppose 0 = 33*j - 35*j. Is -5 - (-14*137 + j) a composite number?
False
Is ((996/(-3))/(-4))/((-2)/(-58)) prime?
False
Is 1083 + 2/(-4)*2 composite?
True
Suppose 2*q = 4*d - 30 - 18, 3*q + 5*d = -61. Let g = 23 + q. Is (-3)/((-336)/(-345) - g) prime?
False
Let u(z) = -150*z - 401. Is u(-39) composite?
False
Let b = -11 - -11. Suppose -l + 1 + 1 = b. Suppose l*v - p + 0*p = 197, 0 = 3*p + 9. Is v a composite number?
False
Let n(j) = -j**2 + 13*j - 10. Let h be n(12). Suppose y = -4*i + 427, 384 + 31 = y - h*i. Is y prime?
True
Suppose -2*n - 3*h = -21574, 0*h = n + 3*h - 10793. Is n a prime number?
True
Let u(v) = 52*v**3 + 2*v**2 + v - 4. Suppose -3 = -6*n + 9. Is u(n) composite?
True
Suppose 0 = 5*d + 4*j - 5967, 3*j - 2*j - 3576 = -3*d. Is d composite?
True
Suppose 0 = -2*j + 908 + 5298. Suppose -4*l + j + 13333 = 0. Is l a prime number?
False
Let r = -7796 - -16017. Is r a prime number?
True
Suppose -3*u - 2*u + 20 = 0. Suppose u*l = 272 + 12. Is l a composite number?
False
Let y(x) = 330*x**2 - 1. Let b = 1 + -4. Let g be (2/b)/(14/21). Is y(g) composite?
True
Let v(l) = -173*l**3 - 1 - 78*l**3 + 3*l + l**2 + 3. Let r(f) = -63*f + 125. Let o be r(2). Is v(o) prime?
True
Suppose -29*g - 78564 = -41*g. Is g a composite number?
False
Let d(z) be the third derivative of z**6/40 - z**5/30 - z**4/12 + z**3/3 - 2*z**2 + 5*z. Let t(g) = -g**2 - 6*g - 6. Let n be t(-4). Is d(n) a prime number?
False
Is 4/((-180)/(-82053)) - 2/5 a prime number?
True
Let c(r) = -126*r**3 - 9*r**2 + 2*r + 30. Is c(-7) a composite number?
False
Let u be ((-6)/12)/((-2)/48). Suppose 2629 = -p + u*p. Is p composite?
False
Suppose 5 = -3*b - 4*h, -b + 4*h = -3*b - 2. Is b/(-15) - 1628/(-10) composite?
False
Let l = 1373 + -852. Let s = -2 + l. Is s a composite number?
True
Suppose -3*i + z = 153, -i - 2*z = 3*z + 35. Let u = i - -168. Is u prime?
False
Suppose 4*p - 8 = -16, 0 = -4*h - 2*p + 31872. Is h prime?
False
Suppose -56*t = -57*t + 2. Is ((-9942)/(-6) - (-2 - t)) + -4 prime?
True
Is 6935 - ((-60)/15 + 4/(-2)) composite?
True
Let v be ((-4)/5)/(4/10). Let r be v/(-15) - 12652/(-60). Suppose -m + 84 + r = 0. Is m composite?
True
Let h(o) = 383*o + 118. Is h(35) a prime number?
True
Suppose -70856 = -26*v + 497582. Is v prime?
True
Let v = 25280 + -17761. Is v a composite number?
True
Let t(x) = -x**3 - 3*x**2 + 5*x. Let p be t(-4). Suppose -8*u - 1258 = 9*u. Is u/(-4) + p/(-8) composite?
False
Suppose 8 = -3*y + 23. Suppose 195 = y*q - 370. Is q composite?
False
Let g(q) = q + 1. Let u be g(-1). Suppose 3*k + 0*k + 1095 = u. Is (2 - k) + 2 + 2 a composite number?
True
Let f(m) be the third derivative of 0 - 2*m**2 + 1/3*m**4 - 4/3*m**3 + 1/15*m**5 + 1/120*m**6 + 0*m. Is f(7) prime?
True
Suppose -13461 = -3*v + 5*b, -2*v + 4316 = -4*b - 4658. Is v a prime number?
False
Let s = -320 - -679. Is s a prime number?
True
Let u be -2 - (-1 - 2 - -157). Let k = u - -80. Let o = -2 - k. Is o a composite number?
True
Let x(m) = m**3 - m**2 - 9*m - 37. Let r be x(-15). Let p = -795 - r. Is p a prime number?
True
Suppose -4*g - 4 = 0, 10*g = 2*y + 8*g - 797764. Is y a composite number?
True
Let c = -314 - -981. Is c prime?
False
Let j = -2190 - -5333. Is j prime?
False
Let t = -8015 - -16445. Is 1 - (-11)/(55/t) a prime number?
False
Suppose 12*b - 23*b + 165 = 0. Is 5*(-1 - (-27)/b) + 1957 composite?
True
Let n be 10872/(-20)*40/(-12). Suppose n = 5*h - 5183. Is h composite?
False
Let j = 34 + -20. Suppose -15*a + 199 = -j*a. Is a a prime number?
True
Let u(l) = l**2 - 14*l + 3. Let d be u(14). Let z be 8/((d/(-7))/(-3)). Is (-1 - z)*(-5)/15 prime?
True
Is ((-315544)/6)/(-4) + (-26)/39 composite?
False
Let s(p) = -p - 13 + 13. Let m be s(-2). Suppose -m*h + 3 = 9, -5*h + 74 = j. Is j a composite number?
False
Suppose -5*m = 21693 - 84268. Is m a composite number?
True
Let b(h) be the third derivative of h**7/840 + h**6/60 - h**5/24 + 5*h**4/24 - h**3/2 - 5*h**2. Let m(k) be the first derivative of b(k). Is m(-5) composite?
True
Suppose -g = -5, 0 = -5*c + c + g + 27. Suppose 0 = c*l - 10*l - 4. Let f(v) = -21*v**3 + v**2 + 4*v + 3. Is f(l) a prime number?
True
Suppose -67*x - 597328 = -83*x. Is x composite?
True
Let u(g) = -1285*g - 66. Is u(-7) composite?
False
Suppose 5*d = d - 16, 3*d + 128 = -u. Let y = u + 462. Is y prime?
False
Suppose 14*w - 222001 - 190761 = 0. Is w prime?
True
Let k(r) = -4 + 0 - 8*r + r**2 - 11. Suppose 0 = 8*h + 15 + 97. Is k(h) composite?
False
Let r(v) = v**3 + 17*v**2 + 21*v - 8. Suppose -3*w + 41 = -139. Suppose l = 5*l + w. Is r(l) prime?
True
Let f = 3310 - -2849. Is f a prime number?
False
Let d(u) = -1677*u**3 - 2*u**2 + 1. Let l be d(-1). Suppose -l = 3*h - 665. Let z = -135 - h. Is z a composite number?
True
Let s(g) = -61*g - 4. Let b(i) = -62*i - 4. Let a(t) = 2*b(t) - 3*s(t). Is a(15) a composite number?
True
Let x(u) = -29*u**2 + 3*u + 9. Let d be x(-7). Let b be (-14)/49 - d/(-7). Is (-10)/2 - -3 - b a composite number?
True
Suppose 0 = -15*n + 262057 + 77948. Is n prime?
False
Suppose -32*k = -28*k - 15956. Is k composite?
False
Let w be (-12)/(-9)*(-6)/(-4). Suppose 102 = 2*q - 2*b, w*b = -q - 0*b + 51. Let k = q + 52. Is k a prime number?
True
Let z(w) = -1023*w**3 + w**2 - 2*w. Let l be z(-2). Suppose g + l + 2864 = 0. Is (-2)/(-10) + g/(-20) composite?
True
Suppose 3*n - 5*x - 42476 = 0, 27168 = 2*n - 2*x - 1156. Is n a prime number?
False
Let f(b) = -79*b + 2. Let j(c) = -236*c + 5. Let g(a) = a**3 - 6*a**2 + 2*a + 1. Let i be g(2). Let p(s) = i*f(s) + 4*j(s). Is p(-3) prime?
True
Let d = 22 + -22. Is d - -700 - (11 - 10) a composite number?
True
Let x(y) = 3 + 2*y**3 - 10*y**2 + 5*y - 3*y**3 + 7*y**2 - y. Let u be x(-4). Let t(z) = 13*z - 2. Is t(u) a prime number?
True
Let g = 14 - 24. Let h be ((-172)/g)/((-2)/(-5)). Suppose 6*i = 233 + h. Is i prime?
False
Suppose -19*c + 14003 = -0*c. Is c composite?
True
Suppose -15 = 14*k - 9*k. Is 256 - (-3)/k*-1 a prime number?
True
Is (-4)/(-3)*(-1 + (-5446)/(-4)) a prime number?
False
Suppose f + 0*f - 5687 = -4*h, 0 = f - h - 5707. Is f a prime number?
False
Let t(v) = 2*v**3 + 8*v**2 - 2*v + 34. Is t(9) prime?
False
Let f(z) = 0*z + 6*z**2 + 3*z - 1 - 9*z + 0. Let c be f(5). Is 4 + -1 + c - -1 p